{"id":107,"date":"2025-08-26T15:25:46","date_gmt":"2025-08-26T15:25:46","guid":{"rendered":"http:\/\/www.olma-club.com\/?page_id=107"},"modified":"2025-09-12T18:35:50","modified_gmt":"2025-09-12T18:35:50","slug":"location-materiel","status":"publish","type":"page","link":"https:\/\/www.olma-club.com\/index.php\/location-materiel\/","title":{"rendered":"LOCATION MATERIEL"},"content":{"rendered":"\t\t<div data-elementor-type=\"wp-page\" data-elementor-id=\"107\" class=\"elementor elementor-107\">\n\t\t\t\t<div class=\"elementor-element elementor-element-28a082e e-con-full e-flex e-con e-parent\" data-id=\"28a082e\" data-element_type=\"container\" data-settings=\"{&quot;background_background&quot;:&quot;gradient&quot;}\">\n\t\t<div class=\"elementor-element elementor-element-788819c e-con-full e-flex e-con e-child\" data-id=\"788819c\" data-element_type=\"container\">\n\t\t\t\t<div class=\"elementor-element elementor-element-e2c54d1 elementor-widget__width-initial elementor-widget elementor-widget-heading\" data-id=\"e2c54d1\" data-element_type=\"widget\" data-widget_type=\"heading.default\">\n\t\t\t\t\t<h2 class=\"elementor-heading-title elementor-size-default\">Un bon set demande du bon materiel<\/h2>\t\t\t\t<\/div>\n\t\t\t\t<\/div>\n\t\t<div class=\"elementor-element elementor-element-80d07fa e-con-full e-flex e-con e-child\" data-id=\"80d07fa\" data-element_type=\"container\">\n\t\t\t\t<div class=\"elementor-element elementor-element-e551d63 elementor-widget elementor-widget-text-editor\" data-id=\"e551d63\" data-element_type=\"widget\" data-widget_type=\"text-editor.default\">\n\t\t\t\t\t\t\t\t\t<p class=\"p1\">Chez OLMA, nous savons qu\u2019un bon set d\u00e9pend autant du talent de l\u2019artiste que de la qualit\u00e9 du mat\u00e9riel.<\/p><p class=\"p1\">C\u2019est pourquoi nous mettons \u00e0 disposition des DJs, organisateurs et \u00e9coles un \u00e9quipement haut de gamme, entretenu et pr\u00eat \u00e0 l\u2019emploi : platines, tables de mixage, enceintes, micros et plus encore.<\/p><p class=\"p1\"><span style=\"font-style: inherit; font-weight: inherit;\">Que ce soit pour un \u00e9v\u00e9nement priv\u00e9, une soir\u00e9e, un showcase ou un entra\u00eenement, notre mat\u00e9riel professionnel est disponible \u00e0 la location, avec ou sans notre salle.<\/span><span style=\"font-style: inherit; font-weight: inherit;\">Vous profitez de la fiabilit\u00e9 d\u2019OLMA Club et d\u2019un son calibr\u00e9 pour faire vivre pleinement vos performances.<\/span><\/p>\t\t\t\t\t\t\t\t<\/div>\n\t\t\t\t<\/div>\n\t\t\t\t<\/div>\n\t\t<div class=\"elementor-element elementor-element-5201388 e-flex e-con-boxed e-con e-parent\" data-id=\"5201388\" data-element_type=\"container\">\n\t\t\t\t\t<div class=\"e-con-inner\">\n\t\t<div class=\"elementor-element elementor-element-15b3b8f e-con-full e-flex e-con e-child\" data-id=\"15b3b8f\" data-element_type=\"container\">\n\t\t\t\t<div class=\"elementor-element elementor-element-52e96dd elementor-widget elementor-widget-image\" data-id=\"52e96dd\" data-element_type=\"widget\" data-widget_type=\"image.default\">\n\t\t\t\t\t\t\t\t\t\t\t\t\t\t\t<img fetchpriority=\"high\" decoding=\"async\" width=\"1024\" height=\"768\" src=\"https:\/\/www.olma-club.com\/wp-content\/uploads\/2025\/08\/C-Luciani-TERMINAL-15-1024x768.jpg\" class=\"attachment-large size-large wp-image-592\" alt=\"\" srcset=\"https:\/\/www.olma-club.com\/wp-content\/uploads\/2025\/08\/C-Luciani-TERMINAL-15-1024x768.jpg 1024w, https:\/\/www.olma-club.com\/wp-content\/uploads\/2025\/08\/C-Luciani-TERMINAL-15-300x225.jpg 300w, https:\/\/www.olma-club.com\/wp-content\/uploads\/2025\/08\/C-Luciani-TERMINAL-15-768x576.jpg 768w, https:\/\/www.olma-club.com\/wp-content\/uploads\/2025\/08\/C-Luciani-TERMINAL-15-1536x1152.jpg 1536w, https:\/\/www.olma-club.com\/wp-content\/uploads\/2025\/08\/C-Luciani-TERMINAL-15-2048x1536.jpg 2048w\" sizes=\"(max-width: 1024px) 100vw, 1024px\" \/>\t\t\t\t\t\t\t\t\t\t\t\t\t\t\t<\/div>\n\t\t\t\t<\/div>\n\t\t<div class=\"elementor-element elementor-element-9cded03 e-con-full e-flex e-con e-child\" data-id=\"9cded03\" data-element_type=\"container\">\n\t\t<div class=\"elementor-element elementor-element-8f3bbe8 e-con-full e-flex e-con e-child\" data-id=\"8f3bbe8\" data-element_type=\"container\">\n\t\t\t\t<div class=\"elementor-element elementor-element-300b214 elementor-widget-tablet__width-initial elementor-widget elementor-widget-heading\" data-id=\"300b214\" data-element_type=\"widget\" data-widget_type=\"heading.default\">\n\t\t\t\t\t<h2 class=\"elementor-heading-title elementor-size-default\">Location CDJ-2000NXS2 \u2013 Pioneer DJ<\/h2>\t\t\t\t<\/div>\n\t\t\t\t<\/div>\n\t\t<div class=\"elementor-element elementor-element-577c9a8 e-con-full e-flex e-con e-child\" data-id=\"577c9a8\" data-element_type=\"container\">\n\t\t\t\t<div class=\"elementor-element elementor-element-352f924 elementor-widget-tablet__width-initial elementor-widget elementor-widget-text-editor\" data-id=\"352f924\" data-element_type=\"widget\" data-widget_type=\"text-editor.default\">\n\t\t\t\t\t\t\t\t\t<p>Mettez la main sur la r\u00e9f\u00e9rence absolue des clubs et festivals : le Pioneer CDJ-2000NXS2, platine haut de gamme utilis\u00e9e par les plus grands DJ internationaux.<br \/>\u00a0\u00a0\u00a0\u00a0\u2022\u00a0\u00a0\u00a0\u00a0Qualit\u00e9 audio irr\u00e9prochable : convertisseur 24-bit\/96 kHz, formats WAV, AIFF, FLAC, ALAC, MP3 et AAC<br \/>\u00a0\u00a0\u00a0\u00a0\u2022\u00a0\u00a0\u00a0\u00a0\u00c9cran tactile couleur 7 pouces avec recherche rapide, zoom sur la waveform et filtres de navigation<br \/>\u00a0\u00a0\u00a0\u00a0\u2022\u00a0\u00a0\u00a0\u00a0Jusqu\u2019\u00e0 8 Hot Cues pour une cr\u00e9ativit\u00e9 sans limite<br \/>\u00a0\u00a0\u00a0\u00a0\u2022\u00a0\u00a0\u00a0\u00a0Compatibilit\u00e9 Rekordbox et connexion r\u00e9seau ProDJ Link pour synchroniser plusieurs lecteurs<br \/>\u00a0\u00a0\u00a0\u00a0\u2022\u00a0\u00a0\u00a0\u00a0Utilis\u00e9 sur toutes les sc\u00e8nes professionnelles avant l\u2019arriv\u00e9e du CDJ-3000<\/p><p>Les platines qui garantissent fiabilit\u00e9, robustesse et performance pour vos \u00e9v\u00e8nements et entrainements\u00a0<\/p>\t\t\t\t\t\t\t\t<\/div>\n\t\t\t\t<\/div>\n\t\t\t\t<\/div>\n\t\t\t\t\t<\/div>\n\t\t\t\t<\/div>\n\t\t<div class=\"elementor-element elementor-element-249efff e-flex e-con-boxed e-con e-parent\" data-id=\"249efff\" data-element_type=\"container\">\n\t\t\t\t\t<div class=\"e-con-inner\">\n\t\t<div class=\"elementor-element elementor-element-ced1ab7 e-con-full e-flex e-con e-child\" data-id=\"ced1ab7\" data-element_type=\"container\">\n\t\t\t\t<div class=\"elementor-element elementor-element-2a4d30a elementor-widget elementor-widget-image\" data-id=\"2a4d30a\" data-element_type=\"widget\" data-widget_type=\"image.default\">\n\t\t\t\t\t\t\t\t\t\t\t\t\t\t\t<img decoding=\"async\" width=\"768\" height=\"1024\" src=\"https:\/\/www.olma-club.com\/wp-content\/uploads\/2025\/08\/C-Luciani-TERMINAL-19-768x1024.jpg\" class=\"attachment-large size-large wp-image-590\" alt=\"\" srcset=\"https:\/\/www.olma-club.com\/wp-content\/uploads\/2025\/08\/C-Luciani-TERMINAL-19-768x1024.jpg 768w, https:\/\/www.olma-club.com\/wp-content\/uploads\/2025\/08\/C-Luciani-TERMINAL-19-225x300.jpg 225w, https:\/\/www.olma-club.com\/wp-content\/uploads\/2025\/08\/C-Luciani-TERMINAL-19-1152x1536.jpg 1152w, https:\/\/www.olma-club.com\/wp-content\/uploads\/2025\/08\/C-Luciani-TERMINAL-19-1536x2048.jpg 1536w, https:\/\/www.olma-club.com\/wp-content\/uploads\/2025\/08\/C-Luciani-TERMINAL-19-scaled.jpg 1920w\" sizes=\"(max-width: 768px) 100vw, 768px\" \/>\t\t\t\t\t\t\t\t\t\t\t\t\t\t\t<\/div>\n\t\t\t\t<\/div>\n\t\t<div class=\"elementor-element elementor-element-7601b13 e-con-full e-flex e-con e-child\" data-id=\"7601b13\" data-element_type=\"container\">\n\t\t<div class=\"elementor-element elementor-element-f5039a9 e-con-full e-flex e-con e-child\" data-id=\"f5039a9\" data-element_type=\"container\">\n\t\t\t\t<div class=\"elementor-element elementor-element-afce13f elementor-widget-tablet__width-initial elementor-widget elementor-widget-heading\" data-id=\"afce13f\" data-element_type=\"widget\" data-widget_type=\"heading.default\">\n\t\t\t\t\t<h2 class=\"elementor-heading-title elementor-size-default\">Location DJM-900NXS2 \u2013 Pioneer DJ<\/h2>\t\t\t\t<\/div>\n\t\t\t\t<\/div>\n\t\t<div class=\"elementor-element elementor-element-cd38129 e-con-full e-flex e-con e-child\" data-id=\"cd38129\" data-element_type=\"container\">\n\t\t\t\t<div class=\"elementor-element elementor-element-4235b6e elementor-widget-tablet__width-initial elementor-widget elementor-widget-text-editor\" data-id=\"4235b6e\" data-element_type=\"widget\" data-widget_type=\"text-editor.default\">\n\t\t\t\t\t\t\t\t\t<p>Proposez \u00e0 vos artistes et \u00e9v\u00e9nements le DJM-900NXS2, table de mixage professionnelle reconnue comme un standard mondial dans les clubs et festivals.<br \/>\u00a0\u00a0\u00a0\u00a0\u2022\u00a0\u00a0\u00a0\u00a0Carte son 64 bits offrant un rendu sonore pr\u00e9cis et puissant<br \/>\u00a0\u00a0\u00a0\u00a0\u2022\u00a0\u00a0\u00a0\u00a0Quatre canaux ind\u00e9pendants pour mixer plusieurs sources simultan\u00e9ment<br \/>\u00a0\u00a0\u00a0\u00a0\u2022\u00a0\u00a0\u00a0\u00a0Large choix d\u2019effets professionnels (Sound Color FX, Beat FX, etc.) pour enrichir vos sets<br \/>\u00a0\u00a0\u00a0\u00a0\u2022\u00a0\u00a0\u00a0\u00a0Connectivit\u00e9 \u00e9tendue : entr\u00e9es\/sorties num\u00e9riques et analogiques, compatibilit\u00e9 avec Rekordbox DJ, Traktor et Serato<br \/>\u00a0\u00a0\u00a0\u00a0\u2022\u00a0\u00a0\u00a0\u00a0Crossfader Magvel robuste et fluide, con\u00e7u pour une utilisation intensive<br \/>Pour une exp\u00e9rience toute en souplesse et une qualit\u00e9 sonore professionnel.<\/p>\t\t\t\t\t\t\t\t<\/div>\n\t\t\t\t<\/div>\n\t\t\t\t<\/div>\n\t\t\t\t\t<\/div>\n\t\t\t\t<\/div>\n\t\t<div class=\"elementor-element elementor-element-e39e434 e-con-full e-flex e-con e-parent\" data-id=\"e39e434\" data-element_type=\"container\">\n\t\t\t\t<div class=\"elementor-element elementor-element-e7973cb elementor-widget__width-initial elementor-widget elementor-widget-text-editor\" data-id=\"e7973cb\" data-element_type=\"widget\" data-widget_type=\"text-editor.default\">\n\t\t\t\t\t\t\t\t\t<p>Le CDJ-2000NXS2 et la DJM-900NXS2 sont disponibles \u00e0 la location aussi bien s\u00e9par\u00e9ment qu\u2019en pack complet. Vous pouvez ainsi choisir uniquement le lecteur ou la table de mixage selon vos besoins, ou opter pour l\u2019ensemble afin de b\u00e9n\u00e9ficier d\u2019une configuration professionnelle compl\u00e8te identique \u00e0 celle utilis\u00e9e dans les clubs et festivals.<\/p>\t\t\t\t\t\t\t\t<\/div>\n\t\t\t\t<\/div>\n\t\t<div class=\"elementor-element elementor-element-385eb80 e-flex e-con-boxed e-con e-parent\" data-id=\"385eb80\" data-element_type=\"container\">\n\t\t\t\t\t<div class=\"e-con-inner\">\n\t\t\t\t<div class=\"elementor-element elementor-element-c5755de elementor-widget elementor-widget-button\" data-id=\"c5755de\" data-element_type=\"widget\" data-widget_type=\"button.default\">\n\t\t\t\t\t\t\t\t\t\t<a class=\"elementor-button elementor-button-link elementor-size-sm\" href=\"mailto:contact@olma-club.com\">\n\t\t\t\t\t\t<span class=\"elementor-button-content-wrapper\">\n\t\t\t\t\t\t\t\t\t<span class=\"elementor-button-text\">R\u00c9SERVER DU MAT\u00c9RIEL<\/span>\n\t\t\t\t\t<\/span>\n\t\t\t\t\t<\/a>\n\t\t\t\t\t\t\t\t<\/div>\n\t\t\t\t\t<\/div>\n\t\t\t\t<\/div>\n\t\t\t\t<\/div>\n\t\t","protected":false},"excerpt":{"rendered":"<p>Un bon set demande du bon materiel Chez OLMA, nous savons qu\u2019un bon set d\u00e9pend autant du talent de l\u2019artiste [&hellip;]<\/p>\n","protected":false},"author":1,"featured_media":0,"parent":0,"menu_order":0,"comment_status":"closed","ping_status":"closed","template":"","meta":{"site-sidebar-layout":"no-sidebar","site-content-layout":"","ast-site-content-layout":"full-width-container","site-content-style":"default","site-sidebar-style":"default","ast-global-header-display":"","ast-banner-title-visibility":"","ast-main-header-display":"","ast-hfb-above-header-display":"","ast-hfb-below-header-display":"","ast-hfb-mobile-header-display":"","site-post-title":"disabled","ast-breadcrumbs-content":"","ast-featured-img":"disabled","footer-sml-layout":"","theme-transparent-header-meta":"","adv-header-id-meta":"","stick-header-meta":"","header-above-stick-meta":"","header-main-stick-meta":"","header-below-stick-meta":"","astra-migrate-meta-layouts":"default","ast-page-background-enabled":"default","ast-page-background-meta":{"desktop":{"background-color":"var(--ast-global-color-5)","background-image":"","background-repeat":"repeat","background-position":"center center","background-size":"auto","background-attachment":"scroll","background-type":"","background-media":"","overlay-type":"","overlay-color":"","overlay-opacity":"","overlay-gradient":""},"tablet":{"background-color":"","background-image":"","background-repeat":"repeat","background-position":"center center","background-size":"auto","background-attachment":"scroll","background-type":"","background-media":"","overlay-type":"","overlay-color":"","overlay-opacity":"","overlay-gradient":""},"mobile":{"background-color":"","background-image":"","background-repeat":"repeat","background-position":"center center","background-size":"auto","background-attachment":"scroll","background-type":"","background-media":"","overlay-type":"","overlay-color":"","overlay-opacity":"","overlay-gradient":""}},"ast-content-background-meta":{"desktop":{"background-color":"var(--ast-global-color-4)","background-image":"","background-repeat":"repeat","background-position":"center center","background-size":"auto","background-attachment":"scroll","background-type":"","background-media":"","overlay-type":"","overlay-color":"","overlay-opacity":"","overlay-gradient":""},"tablet":{"background-color":"var(--ast-global-color-4)","background-image":"","background-repeat":"repeat","background-position":"center center","background-size":"auto","background-attachment":"scroll","background-type":"","background-media":"","overlay-type":"","overlay-color":"","overlay-opacity":"","overlay-gradient":""},"mobile":{"background-color":"var(--ast-global-color-4)","background-image":"","background-repeat":"repeat","background-position":"center center","background-size":"auto","background-attachment":"scroll","background-type":"","background-media":"","overlay-type":"","overlay-color":"","overlay-opacity":"","overlay-gradient":""}},"footnotes":""},"class_list":["post-107","page","type-page","status-publish","hentry"],"_links":{"self":[{"href":"https:\/\/www.olma-club.com\/index.php\/wp-json\/wp\/v2\/pages\/107","targetHints":{"allow":["GET"]}}],"collection":[{"href":"https:\/\/www.olma-club.com\/index.php\/wp-json\/wp\/v2\/pages"}],"about":[{"href":"https:\/\/www.olma-club.com\/index.php\/wp-json\/wp\/v2\/types\/page"}],"author":[{"embeddable":true,"href":"https:\/\/www.olma-club.com\/index.php\/wp-json\/wp\/v2\/users\/1"}],"replies":[{"embeddable":true,"href":"https:\/\/www.olma-club.com\/index.php\/wp-json\/wp\/v2\/comments?post=107"}],"version-history":[{"count":148,"href":"https:\/\/www.olma-club.com\/index.php\/wp-json\/wp\/v2\/pages\/107\/revisions"}],"predecessor-version":[{"id":1295,"href":"https:\/\/www.olma-club.com\/index.php\/wp-json\/wp\/v2\/pages\/107\/revisions\/1295"}],"wp:attachment":[{"href":"https:\/\/www.olma-club.com\/index.php\/wp-json\/wp\/v2\/media?parent=107"}],"curies":[{"name":"wp","href":"https:\/\/api.w.org\/{rel}","templated":true}]}}